{"id":431,"date":"2018-03-31T14:59:40","date_gmt":"2018-03-31T12:59:40","guid":{"rendered":"http:\/\/haugensporting.no\/?page_id=431"},"modified":"2019-03-10T16:02:35","modified_gmt":"2019-03-10T15:02:35","slug":"pilla-performance-eyewear","status":"publish","type":"page","link":"https:\/\/haugensporting.no\/?page_id=431","title":{"rendered":"PILLA Performance Eyewear"},"content":{"rendered":"<div id=\"pl-431\"  class=\"panel-layout\" ><div id=\"pg-431-0\"  class=\"panel-grid panel-no-style\" ><div id=\"pgc-431-0-0\"  class=\"panel-grid-cell\" ><div id=\"panel-431-0-0-0\" class=\"so-panel widget widget_sow-editor panel-first-child panel-last-child\" data-index=\"0\" ><div\n\t\t\t\n\t\t\tclass=\"so-widget-sow-editor so-widget-sow-editor-base\"\n\t\t\t\n\t\t>\n<div class=\"siteorigin-widget-tinymce textwidget\">\n\t<p><strong>Forbedret \u00f8yehelse er det prim\u00e6re m\u00e5let til PILLA Performance Eyewear<\/strong><\/p>\n<p>\u00d8ye tretthet er et omr\u00e5de innen sportsvitenskapen som ofte overses av idrettsut\u00f8vere og trenere. N\u00e5r det gjelder skytesport er \u00f8ye tretthet forskjellen mellom en gullmedalje og ingen medalje. PILLA Performance Eyewear samarbeider tett med ZEISS for \u00e5 skape en teknologi for \u00e5 ivareta \u00f8yehelse og som gir idrettsut\u00f8vere best mulige forhold slik at man unng\u00e5r \u00f8ye tretthet. Ved \u00e5 bruke PILLA ZEISS-objektiver, v\u00e5r propriet\u00e6re linse-teknologi, er vi i stand til \u00e5 gi ut\u00f8veren et klarhetsniv\u00e5 som bare finnes i Pilla produkter.<\/p>\n<p>&nbsp;<\/p>\n<p><strong>Klart visuelt bilde<\/strong><\/p>\n<p>PILLA Performance Eyewear oppn\u00e5r dette ytelsesniv\u00e5et ved \u00e5 bruke en optisk korrekt linse med innstilt fargefiltrering samtidig som Pilla fokuserer p\u00e5 \u00e5 levere optisk perfekte rammesystemer. \u00d8yekapasitet opprettholdes ved \u00e5 bruke et objektivsubstrat som ikke skaper et forvrengt visuelt bilde som \u00f8yet m\u00e5 kontinuerlig tilpasse seg. Et sub-standard linse substrat gj\u00f8r at \u00f8ye muskler m\u00e5 jobbe mye mer for \u00e5 holde seg i fokus. Dette vil kunne medf\u00f8re \u00f8ye tretthet p\u00e5 ett mye tidligere tidspunkt.<\/p>\n<p>&nbsp;<\/p>\n<p><strong>Lys kontroll<\/strong><\/p>\n<p>PILLA Performance Eyewear er pioner innen lys kontroll for skytesport. Det menneskelige \u00f8yet utf\u00f8rer sitt beste med riktig mengde lys inn i \u00f8yet. For mye eller for lite lys skaper en situasjon hvor \u00f8yet er anstrengt og riktig fokus kan ikke oppn\u00e5s. V\u00e5re PILLA ZEISS-linser er spesielt formulert for \u00e5 gi deg riktig belysning i de ulike belysningsforhold, samtidig som farge maksimeres, slik at \u00f8yet blir perfekt avslappet og i stand til \u00e5 utf\u00f8re bedre.<\/p>\n<p>&nbsp;<\/p>\n<p><strong>Forbedret farge gjengivelse<\/strong><\/p>\n<p>For en profesjonell ut\u00f8ver vil det \u00e5 registrerer bestemte farger raskere kunne gi deg en konkurransefordelen. For eksempel kan v\u00e5r Max Orange-fargeprofilfamilie gi en idrettsut\u00f8ver opptil 600% \u00f8kning i den oransje delen av det visuelle spektret. Gjennom samarbeidet mellom Pilla- og ZEISS-ingeni\u00f8rgruppene har vi produsert de mest definerte og klare linsene som noensinne er laget, samtidig som vi opprettholder v\u00e5r propriet\u00e6re tiln\u00e6rming til \u00e5 forbedre fargegjennomgangen for ut\u00f8veren.<\/p>\n<p>&nbsp;<\/p>\n<p><strong>PILLA skytebriller - You can\u2019t hit, what you can\u2019t see!<\/strong><\/p>\n<p>Hos Haugen Sporting kan du sette sammen ditt eget sett etter egne \u00f8nsker. Vi har god erfaring i \u00e5 hjelpe kunder med \u00e5 velge ut glass som passer til kundens behov og hjelper deg gjerne. Vi har til enhver tid inne ett stort utvalg i PILLA Outlaw X6\/X7 og PILLA Panther X6 Post\/No-Post til fornuftige priser.\u00a0<\/p>\n<p>Ta gjerne turen over til v\u00e5r facebook side for mer informasjon om produkter og priser.<\/p>\n<p>&nbsp;<\/p>\n<\/div>\n<\/div><\/div><\/div><div id=\"pgc-431-0-1\"  class=\"panel-grid-cell\" ><div id=\"panel-431-0-1-0\" class=\"so-panel widget widget_sow-slider panel-first-child\" data-index=\"1\" ><div\n\t\t\t\n\t\t\tclass=\"so-widget-sow-slider so-widget-sow-slider-default-6d39609536fd-431\"\n\t\t\t\n\t\t>\t\t\t\t<div class=\"sow-slider-base\" style=\"display: none\" tabindex=\"0\">\n\t\t\t\t\t<ul\n\t\t\t\t\tclass=\"sow-slider-images\"\n\t\t\t\t\tdata-settings=\"{&quot;pagination&quot;:true,&quot;speed&quot;:800,&quot;timeout&quot;:8000,&quot;paused&quot;:false,&quot;pause_on_hover&quot;:false,&quot;swipe&quot;:true,&quot;nav_always_show_desktop&quot;:&quot;&quot;,&quot;nav_always_show_mobile&quot;:&quot;&quot;,&quot;breakpoint&quot;:&quot;780px&quot;,&quot;unmute&quot;:false,&quot;anchor&quot;:null}\"\n\t\t\t\t\t\t\t\t\t\tdata-anchor-id=\"\"\n\t\t\t\t>\t\t<li class=\"sow-slider-image\" style=\"visibility: visible;\" >\n\t\t\t\t\t\t<img loading=\"lazy\" decoding=\"async\" width=\"600\" height=\"334\" src=\"https:\/\/haugensporting.no\/wp-content\/uploads\/2018\/03\/TAK_3.0_kit_600x.png\" class=\"sow-slider-background-image\" alt=\"\" style=\"\" srcset=\"https:\/\/haugensporting.no\/wp-content\/uploads\/2018\/03\/TAK_3.0_kit_600x.png 600w, https:\/\/haugensporting.no\/wp-content\/uploads\/2018\/03\/TAK_3.0_kit_600x-300x167.png 300w\" sizes=\"auto, (max-width: 600px) 100vw, 600px\" \/>\t\t<\/li>\n\t\t\t\t<li class=\"sow-slider-image\" style=\"visibility: hidden;\" >\n\t\t\t\t\t\t<img loading=\"lazy\" decoding=\"async\" width=\"1199\" height=\"668\" src=\"https:\/\/haugensporting.no\/wp-content\/uploads\/2018\/03\/Outlaw_x7_kit_B_1200x.png\" class=\"sow-slider-background-image\" alt=\"\" style=\"\" srcset=\"https:\/\/haugensporting.no\/wp-content\/uploads\/2018\/03\/Outlaw_x7_kit_B_1200x.png 1199w, https:\/\/haugensporting.no\/wp-content\/uploads\/2018\/03\/Outlaw_x7_kit_B_1200x-300x167.png 300w, https:\/\/haugensporting.no\/wp-content\/uploads\/2018\/03\/Outlaw_x7_kit_B_1200x-768x428.png 768w, https:\/\/haugensporting.no\/wp-content\/uploads\/2018\/03\/Outlaw_x7_kit_B_1200x-1024x571.png 1024w\" sizes=\"auto, (max-width: 1199px) 100vw, 1199px\" \/>\t\t<\/li>\n\t\t\t\t<li class=\"sow-slider-image\" style=\"visibility: hidden;\" >\n\t\t\t\t\t\t<img loading=\"lazy\" decoding=\"async\" width=\"1024\" height=\"720\" src=\"https:\/\/haugensporting.no\/wp-content\/uploads\/2018\/03\/panther_x6_post_PED_2_1200x.jpg\" class=\"sow-slider-background-image\" alt=\"\" style=\"\" srcset=\"https:\/\/haugensporting.no\/wp-content\/uploads\/2018\/03\/panther_x6_post_PED_2_1200x.jpg 1024w, https:\/\/haugensporting.no\/wp-content\/uploads\/2018\/03\/panther_x6_post_PED_2_1200x-300x211.jpg 300w, https:\/\/haugensporting.no\/wp-content\/uploads\/2018\/03\/panther_x6_post_PED_2_1200x-768x540.jpg 768w\" sizes=\"auto, (max-width: 1024px) 100vw, 1024px\" \/>\t\t<\/li>\n\t\t\t\t<li class=\"sow-slider-image\" style=\"visibility: hidden;\" >\n\t\t\t\t\t\t<img loading=\"lazy\" decoding=\"async\" width=\"1024\" height=\"720\" src=\"https:\/\/haugensporting.no\/wp-content\/uploads\/2018\/03\/18RHC_panther_x6_no_post_angle_1_1200x.png\" class=\"sow-slider-background-image\" alt=\"\" style=\"\" srcset=\"https:\/\/haugensporting.no\/wp-content\/uploads\/2018\/03\/18RHC_panther_x6_no_post_angle_1_1200x.png 1024w, https:\/\/haugensporting.no\/wp-content\/uploads\/2018\/03\/18RHC_panther_x6_no_post_angle_1_1200x-300x211.png 300w, https:\/\/haugensporting.no\/wp-content\/uploads\/2018\/03\/18RHC_panther_x6_no_post_angle_1_1200x-768x540.png 768w\" sizes=\"auto, (max-width: 1024px) 100vw, 1024px\" \/>\t\t<\/li>\n\t\t<\/ul>\t\t\t\t<ol class=\"sow-slider-pagination\">\n\t\t\t\t\t\t\t\t\t\t\t<li><a href=\"#\" data-goto=\"0\" aria-label=\"Display slide 1\"><\/a><\/li>\n\t\t\t\t\t\t\t\t\t\t\t<li><a href=\"#\" data-goto=\"1\" aria-label=\"Display slide 2\"><\/a><\/li>\n\t\t\t\t\t\t\t\t\t\t\t<li><a href=\"#\" data-goto=\"2\" aria-label=\"Display slide 3\"><\/a><\/li>\n\t\t\t\t\t\t\t\t\t\t\t<li><a href=\"#\" data-goto=\"3\" aria-label=\"Display slide 4\"><\/a><\/li>\n\t\t\t\t\t\t\t\t\t<\/ol>\n\n\t\t\t\t<div class=\"sow-slide-nav sow-slide-nav-next\">\n\t\t\t\t\t<a href=\"#\" data-goto=\"next\" aria-label=\"Next slide\" data-action=\"next\">\n\t\t\t\t\t\t<em class=\"sow-sld-icon-ultra-thin-right\"><\/em>\n\t\t\t\t\t<\/a>\n\t\t\t\t<\/div>\n\n\t\t\t\t<div class=\"sow-slide-nav sow-slide-nav-prev\">\n\t\t\t\t\t<a href=\"#\" data-goto=\"previous\" aria-label=\"Previous slide\" data-action=\"prev\">\n\t\t\t\t\t\t<em class=\"sow-sld-icon-ultra-thin-left\"><\/em>\n\t\t\t\t\t<\/a>\n\t\t\t\t<\/div>\n\t\t\t\t<\/div><\/div><\/div><div id=\"panel-431-0-1-1\" class=\"so-panel widget widget_sow-slider\" data-index=\"2\" ><div\n\t\t\t\n\t\t\tclass=\"so-widget-sow-slider so-widget-sow-slider-default-6d39609536fd-431\"\n\t\t\t\n\t\t>\t\t\t\t<div class=\"sow-slider-base\" style=\"display: none\" tabindex=\"0\">\n\t\t\t\t\t<ul\n\t\t\t\t\tclass=\"sow-slider-images\"\n\t\t\t\t\tdata-settings=\"{&quot;pagination&quot;:true,&quot;speed&quot;:800,&quot;timeout&quot;:8000,&quot;paused&quot;:false,&quot;pause_on_hover&quot;:false,&quot;swipe&quot;:true,&quot;nav_always_show_desktop&quot;:&quot;&quot;,&quot;nav_always_show_mobile&quot;:&quot;&quot;,&quot;breakpoint&quot;:&quot;780px&quot;,&quot;unmute&quot;:false,&quot;anchor&quot;:null}\"\n\t\t\t\t\t\t\t\t\t\tdata-anchor-id=\"\"\n\t\t\t\t>\t\t<li class=\"sow-slider-image\" style=\"visibility: visible;\" >\n\t\t\t\t\t\t<img loading=\"lazy\" decoding=\"async\" width=\"600\" height=\"334\" src=\"https:\/\/haugensporting.no\/wp-content\/uploads\/2018\/03\/TAK_3.0_kit_600x.png\" class=\"sow-slider-background-image\" alt=\"\" style=\"\" srcset=\"https:\/\/haugensporting.no\/wp-content\/uploads\/2018\/03\/TAK_3.0_kit_600x.png 600w, https:\/\/haugensporting.no\/wp-content\/uploads\/2018\/03\/TAK_3.0_kit_600x-300x167.png 300w\" sizes=\"auto, (max-width: 600px) 100vw, 600px\" \/>\t\t<\/li>\n\t\t\t\t<li class=\"sow-slider-image\" style=\"visibility: hidden;\" >\n\t\t\t\t\t\t<img loading=\"lazy\" decoding=\"async\" width=\"1199\" height=\"668\" src=\"https:\/\/haugensporting.no\/wp-content\/uploads\/2018\/03\/Outlaw_x7_kit_B_1200x.png\" class=\"sow-slider-background-image\" alt=\"\" style=\"\" srcset=\"https:\/\/haugensporting.no\/wp-content\/uploads\/2018\/03\/Outlaw_x7_kit_B_1200x.png 1199w, https:\/\/haugensporting.no\/wp-content\/uploads\/2018\/03\/Outlaw_x7_kit_B_1200x-300x167.png 300w, https:\/\/haugensporting.no\/wp-content\/uploads\/2018\/03\/Outlaw_x7_kit_B_1200x-768x428.png 768w, https:\/\/haugensporting.no\/wp-content\/uploads\/2018\/03\/Outlaw_x7_kit_B_1200x-1024x571.png 1024w\" sizes=\"auto, (max-width: 1199px) 100vw, 1199px\" \/>\t\t<\/li>\n\t\t\t\t<li class=\"sow-slider-image\" style=\"visibility: hidden;\" >\n\t\t\t\t\t\t<img loading=\"lazy\" decoding=\"async\" width=\"1024\" height=\"720\" src=\"https:\/\/haugensporting.no\/wp-content\/uploads\/2018\/03\/panther_x6_post_PED_2_1200x.jpg\" class=\"sow-slider-background-image\" alt=\"\" style=\"\" srcset=\"https:\/\/haugensporting.no\/wp-content\/uploads\/2018\/03\/panther_x6_post_PED_2_1200x.jpg 1024w, https:\/\/haugensporting.no\/wp-content\/uploads\/2018\/03\/panther_x6_post_PED_2_1200x-300x211.jpg 300w, https:\/\/haugensporting.no\/wp-content\/uploads\/2018\/03\/panther_x6_post_PED_2_1200x-768x540.jpg 768w\" sizes=\"auto, (max-width: 1024px) 100vw, 1024px\" \/>\t\t<\/li>\n\t\t\t\t<li class=\"sow-slider-image\" style=\"visibility: hidden;\" >\n\t\t\t\t\t\t<img loading=\"lazy\" decoding=\"async\" width=\"1024\" height=\"720\" src=\"https:\/\/haugensporting.no\/wp-content\/uploads\/2018\/03\/18RHC_panther_x6_no_post_angle_1_1200x.png\" class=\"sow-slider-background-image\" alt=\"\" style=\"\" srcset=\"https:\/\/haugensporting.no\/wp-content\/uploads\/2018\/03\/18RHC_panther_x6_no_post_angle_1_1200x.png 1024w, https:\/\/haugensporting.no\/wp-content\/uploads\/2018\/03\/18RHC_panther_x6_no_post_angle_1_1200x-300x211.png 300w, https:\/\/haugensporting.no\/wp-content\/uploads\/2018\/03\/18RHC_panther_x6_no_post_angle_1_1200x-768x540.png 768w\" sizes=\"auto, (max-width: 1024px) 100vw, 1024px\" \/>\t\t<\/li>\n\t\t<\/ul>\t\t\t\t<ol class=\"sow-slider-pagination\">\n\t\t\t\t\t\t\t\t\t\t\t<li><a href=\"#\" data-goto=\"0\" aria-label=\"Display slide 1\"><\/a><\/li>\n\t\t\t\t\t\t\t\t\t\t\t<li><a href=\"#\" data-goto=\"1\" aria-label=\"Display slide 2\"><\/a><\/li>\n\t\t\t\t\t\t\t\t\t\t\t<li><a href=\"#\" data-goto=\"2\" aria-label=\"Display slide 3\"><\/a><\/li>\n\t\t\t\t\t\t\t\t\t\t\t<li><a href=\"#\" data-goto=\"3\" aria-label=\"Display slide 4\"><\/a><\/li>\n\t\t\t\t\t\t\t\t\t<\/ol>\n\n\t\t\t\t<div class=\"sow-slide-nav sow-slide-nav-next\">\n\t\t\t\t\t<a href=\"#\" data-goto=\"next\" aria-label=\"Next slide\" data-action=\"next\">\n\t\t\t\t\t\t<em class=\"sow-sld-icon-ultra-thin-right\"><\/em>\n\t\t\t\t\t<\/a>\n\t\t\t\t<\/div>\n\n\t\t\t\t<div class=\"sow-slide-nav sow-slide-nav-prev\">\n\t\t\t\t\t<a href=\"#\" data-goto=\"previous\" aria-label=\"Previous slide\" data-action=\"prev\">\n\t\t\t\t\t\t<em class=\"sow-sld-icon-ultra-thin-left\"><\/em>\n\t\t\t\t\t<\/a>\n\t\t\t\t<\/div>\n\t\t\t\t<\/div><\/div><\/div><div id=\"panel-431-0-1-2\" class=\"so-panel widget widget_sow-slider panel-last-child\" data-index=\"3\" ><div\n\t\t\t\n\t\t\tclass=\"so-widget-sow-slider so-widget-sow-slider-default-6d39609536fd-431\"\n\t\t\t\n\t\t>\t\t\t\t<div class=\"sow-slider-base\" style=\"display: none\" tabindex=\"0\">\n\t\t\t\t\t<ul\n\t\t\t\t\tclass=\"sow-slider-images\"\n\t\t\t\t\tdata-settings=\"{&quot;pagination&quot;:true,&quot;speed&quot;:800,&quot;timeout&quot;:8000,&quot;paused&quot;:false,&quot;pause_on_hover&quot;:false,&quot;swipe&quot;:true,&quot;nav_always_show_desktop&quot;:&quot;&quot;,&quot;nav_always_show_mobile&quot;:&quot;&quot;,&quot;breakpoint&quot;:&quot;780px&quot;,&quot;unmute&quot;:false,&quot;anchor&quot;:null}\"\n\t\t\t\t\t\t\t\t\t\tdata-anchor-id=\"\"\n\t\t\t\t>\t\t<li class=\"sow-slider-image\" style=\"visibility: visible;\" >\n\t\t\t\t\t\t<img loading=\"lazy\" decoding=\"async\" width=\"600\" height=\"334\" src=\"https:\/\/haugensporting.no\/wp-content\/uploads\/2018\/03\/TAK_3.0_kit_600x.png\" class=\"sow-slider-background-image\" alt=\"\" style=\"\" srcset=\"https:\/\/haugensporting.no\/wp-content\/uploads\/2018\/03\/TAK_3.0_kit_600x.png 600w, https:\/\/haugensporting.no\/wp-content\/uploads\/2018\/03\/TAK_3.0_kit_600x-300x167.png 300w\" sizes=\"auto, (max-width: 600px) 100vw, 600px\" \/>\t\t<\/li>\n\t\t\t\t<li class=\"sow-slider-image\" style=\"visibility: hidden;\" >\n\t\t\t\t\t\t<img loading=\"lazy\" decoding=\"async\" width=\"1199\" height=\"668\" src=\"https:\/\/haugensporting.no\/wp-content\/uploads\/2018\/03\/Outlaw_x7_kit_B_1200x.png\" class=\"sow-slider-background-image\" alt=\"\" style=\"\" srcset=\"https:\/\/haugensporting.no\/wp-content\/uploads\/2018\/03\/Outlaw_x7_kit_B_1200x.png 1199w, https:\/\/haugensporting.no\/wp-content\/uploads\/2018\/03\/Outlaw_x7_kit_B_1200x-300x167.png 300w, https:\/\/haugensporting.no\/wp-content\/uploads\/2018\/03\/Outlaw_x7_kit_B_1200x-768x428.png 768w, https:\/\/haugensporting.no\/wp-content\/uploads\/2018\/03\/Outlaw_x7_kit_B_1200x-1024x571.png 1024w\" sizes=\"auto, (max-width: 1199px) 100vw, 1199px\" \/>\t\t<\/li>\n\t\t\t\t<li class=\"sow-slider-image\" style=\"visibility: hidden;\" >\n\t\t\t\t\t\t<img loading=\"lazy\" decoding=\"async\" width=\"1024\" height=\"720\" src=\"https:\/\/haugensporting.no\/wp-content\/uploads\/2018\/03\/panther_x6_post_PED_2_1200x.jpg\" class=\"sow-slider-background-image\" alt=\"\" style=\"\" srcset=\"https:\/\/haugensporting.no\/wp-content\/uploads\/2018\/03\/panther_x6_post_PED_2_1200x.jpg 1024w, https:\/\/haugensporting.no\/wp-content\/uploads\/2018\/03\/panther_x6_post_PED_2_1200x-300x211.jpg 300w, https:\/\/haugensporting.no\/wp-content\/uploads\/2018\/03\/panther_x6_post_PED_2_1200x-768x540.jpg 768w\" sizes=\"auto, (max-width: 1024px) 100vw, 1024px\" \/>\t\t<\/li>\n\t\t\t\t<li class=\"sow-slider-image\" style=\"visibility: hidden;\" >\n\t\t\t\t\t\t<img loading=\"lazy\" decoding=\"async\" width=\"1024\" height=\"720\" src=\"https:\/\/haugensporting.no\/wp-content\/uploads\/2018\/03\/18RHC_panther_x6_no_post_angle_1_1200x.png\" class=\"sow-slider-background-image\" alt=\"\" style=\"\" srcset=\"https:\/\/haugensporting.no\/wp-content\/uploads\/2018\/03\/18RHC_panther_x6_no_post_angle_1_1200x.png 1024w, https:\/\/haugensporting.no\/wp-content\/uploads\/2018\/03\/18RHC_panther_x6_no_post_angle_1_1200x-300x211.png 300w, https:\/\/haugensporting.no\/wp-content\/uploads\/2018\/03\/18RHC_panther_x6_no_post_angle_1_1200x-768x540.png 768w\" sizes=\"auto, (max-width: 1024px) 100vw, 1024px\" \/>\t\t<\/li>\n\t\t<\/ul>\t\t\t\t<ol class=\"sow-slider-pagination\">\n\t\t\t\t\t\t\t\t\t\t\t<li><a href=\"#\" data-goto=\"0\" aria-label=\"Display slide 1\"><\/a><\/li>\n\t\t\t\t\t\t\t\t\t\t\t<li><a href=\"#\" data-goto=\"1\" aria-label=\"Display slide 2\"><\/a><\/li>\n\t\t\t\t\t\t\t\t\t\t\t<li><a href=\"#\" data-goto=\"2\" aria-label=\"Display slide 3\"><\/a><\/li>\n\t\t\t\t\t\t\t\t\t\t\t<li><a href=\"#\" data-goto=\"3\" aria-label=\"Display slide 4\"><\/a><\/li>\n\t\t\t\t\t\t\t\t\t<\/ol>\n\n\t\t\t\t<div class=\"sow-slide-nav sow-slide-nav-next\">\n\t\t\t\t\t<a href=\"#\" data-goto=\"next\" aria-label=\"Next slide\" data-action=\"next\">\n\t\t\t\t\t\t<em class=\"sow-sld-icon-ultra-thin-right\"><\/em>\n\t\t\t\t\t<\/a>\n\t\t\t\t<\/div>\n\n\t\t\t\t<div class=\"sow-slide-nav sow-slide-nav-prev\">\n\t\t\t\t\t<a href=\"#\" data-goto=\"previous\" aria-label=\"Previous slide\" data-action=\"prev\">\n\t\t\t\t\t\t<em class=\"sow-sld-icon-ultra-thin-left\"><\/em>\n\t\t\t\t\t<\/a>\n\t\t\t\t<\/div>\n\t\t\t\t<\/div><\/div><\/div><\/div><\/div><div id=\"pg-431-1\"  class=\"panel-grid panel-no-style\" ><div id=\"pgc-431-1-0\"  class=\"panel-grid-cell\" ><div id=\"panel-431-1-0-0\" class=\"so-panel widget widget_sow-image panel-first-child panel-last-child\" data-index=\"4\" ><div\n\t\t\t\n\t\t\tclass=\"so-widget-sow-image so-widget-sow-image-default-8b5b6f678277-431\"\n\t\t\t\n\t\t>\n<div class=\"sow-image-container\">\n\t\t<img \n\tsrc=\"https:\/\/haugensporting.no\/wp-content\/uploads\/2018\/03\/shooting-outlaw.jpg\" width=\"625\" height=\"415\" srcset=\"https:\/\/haugensporting.no\/wp-content\/uploads\/2018\/03\/shooting-outlaw.jpg 625w, https:\/\/haugensporting.no\/wp-content\/uploads\/2018\/03\/shooting-outlaw-300x199.jpg 300w, https:\/\/haugensporting.no\/wp-content\/uploads\/2018\/03\/shooting-outlaw-272x182.jpg 272w\" sizes=\"(max-width: 625px) 100vw, 625px\" alt=\"\" \t\tclass=\"so-widget-image\"\/>\n\t<\/div>\n\n<\/div><\/div><\/div><div id=\"pgc-431-1-1\"  class=\"panel-grid-cell\" ><div id=\"panel-431-1-1-0\" class=\"so-panel widget widget_sow-image panel-first-child panel-last-child\" data-index=\"5\" ><div\n\t\t\t\n\t\t\tclass=\"so-widget-sow-image so-widget-sow-image-default-8b5b6f678277-431\"\n\t\t\t\n\t\t>\n<div class=\"sow-image-container\">\n\t\t<img \n\tsrc=\"https:\/\/haugensporting.no\/wp-content\/uploads\/2018\/03\/archery-outlaw.jpg\" width=\"625\" height=\"415\" srcset=\"https:\/\/haugensporting.no\/wp-content\/uploads\/2018\/03\/archery-outlaw.jpg 625w, https:\/\/haugensporting.no\/wp-content\/uploads\/2018\/03\/archery-outlaw-300x199.jpg 300w, https:\/\/haugensporting.no\/wp-content\/uploads\/2018\/03\/archery-outlaw-272x182.jpg 272w\" sizes=\"(max-width: 625px) 100vw, 625px\" alt=\"\" \t\tclass=\"so-widget-image\"\/>\n\t<\/div>\n\n<\/div><\/div><\/div><div id=\"pgc-431-1-2\"  class=\"panel-grid-cell\" ><div id=\"panel-431-1-2-0\" class=\"so-panel widget widget_sow-image panel-first-child panel-last-child\" data-index=\"6\" ><div\n\t\t\t\n\t\t\tclass=\"so-widget-sow-image so-widget-sow-image-default-8b5b6f678277-431\"\n\t\t\t\n\t\t>\n<div class=\"sow-image-container\">\n\t\t<img \n\tsrc=\"https:\/\/haugensporting.no\/wp-content\/uploads\/2018\/03\/action-shooting-outlaw.jpg\" width=\"625\" height=\"415\" srcset=\"https:\/\/haugensporting.no\/wp-content\/uploads\/2018\/03\/action-shooting-outlaw.jpg 625w, https:\/\/haugensporting.no\/wp-content\/uploads\/2018\/03\/action-shooting-outlaw-300x199.jpg 300w, https:\/\/haugensporting.no\/wp-content\/uploads\/2018\/03\/action-shooting-outlaw-272x182.jpg 272w\" sizes=\"(max-width: 625px) 100vw, 625px\" alt=\"\" \t\tclass=\"so-widget-image\"\/>\n\t<\/div>\n\n<\/div><\/div><\/div><\/div><div id=\"pg-431-2\"  class=\"panel-grid panel-no-style\" ><div id=\"pgc-431-2-0\"  class=\"panel-grid-cell\" ><div id=\"panel-431-2-0-0\" class=\"so-panel widget widget_siteorigin-panels-embedded-video panel-first-child\" data-index=\"7\" >\t\t<div class=\"siteorigin-fitvids\"><iframe loading=\"lazy\" width=\"720\" height=\"405\" src=\"https:\/\/www.youtube.com\/embed\/rM191fQjnKQ?feature=oembed\" frameborder=\"0\" allow=\"accelerometer; autoplay; encrypted-media; gyroscope; picture-in-picture\" allowfullscreen><\/iframe><\/div>\n\t\t<\/div><div id=\"panel-431-2-0-1\" class=\"so-panel widget widget_black-studio-tinymce widget_black_studio_tinymce panel-last-child\" data-index=\"8\" ><div class=\"textwidget\"><p><em>H\u00f8re hva George Digweed har \u00e5 si om skytebriller fra Pilla.<\/em><\/p>\n<\/div><\/div><\/div><div id=\"pgc-431-2-1\"  class=\"panel-grid-cell\" ><div id=\"panel-431-2-1-0\" class=\"so-panel widget widget_siteorigin-panels-embedded-video panel-first-child\" data-index=\"9\" >\t\t<div class=\"siteorigin-fitvids\"><iframe loading=\"lazy\" width=\"720\" height=\"405\" src=\"https:\/\/www.youtube.com\/embed\/N3iWa2Zyigg?feature=oembed\" frameborder=\"0\" allow=\"accelerometer; autoplay; encrypted-media; gyroscope; picture-in-picture\" allowfullscreen><\/iframe><\/div>\n\t\t<\/div><div id=\"panel-431-2-1-1\" class=\"so-panel widget widget_black-studio-tinymce widget_black_studio_tinymce panel-last-child\" data-index=\"10\" ><div class=\"textwidget\"><p><em>CEO Philip Pilla gir oss en introduksjon til Outlaw X serien. Dette er v\u00e5r best selgende serie over mange \u00e5r. Stadig nye glass \u00e5 velge i.\u00a0<\/em><\/p>\n<\/div><\/div><\/div><div id=\"pgc-431-2-2\"  class=\"panel-grid-cell\" ><div id=\"panel-431-2-2-0\" class=\"so-panel widget widget_siteorigin-panels-embedded-video panel-first-child\" data-index=\"11\" >\t\t<div class=\"siteorigin-fitvids\"><iframe loading=\"lazy\" width=\"720\" height=\"405\" src=\"https:\/\/www.youtube.com\/embed\/9eqc_jAYxj0?feature=oembed\" frameborder=\"0\" allow=\"accelerometer; autoplay; encrypted-media; gyroscope; picture-in-picture\" allowfullscreen><\/iframe><\/div>\n\t\t<\/div><div id=\"panel-431-2-2-1\" class=\"so-panel widget widget_black-studio-tinymce widget_black_studio_tinymce panel-last-child\" data-index=\"12\" ><div class=\"textwidget\"><p><em>Her h\u00f8r vi en innsikt i hva som ligger bak suksessen til Pilla.<\/em><\/p>\n<\/div><\/div><\/div><\/div><\/div>","protected":false},"excerpt":{"rendered":"<p>Forbedret \u00f8yehelse er det prim\u00e6re m\u00e5let til PILLA Performance Eyewear \u00d8ye tretthet er et omr\u00e5de innen sportsvitenskapen som ofte overses av idrettsut\u00f8vere og trenere. N\u00e5r det gjelder skytesport er \u00f8ye tretthet forskjellen mellom en gullmedalje og ingen medalje. PILLA Performance Eyewear samarbeider tett med ZEISS for \u00e5 skape en teknologi for \u00e5 ivareta \u00f8yehelse og [&hellip;]<\/p>\n","protected":false},"author":1,"featured_media":0,"parent":0,"menu_order":0,"comment_status":"closed","ping_status":"closed","template":"","meta":{"footnotes":""},"class_list":["post-431","page","type-page","status-publish","hentry","post"],"_links":{"self":[{"href":"https:\/\/haugensporting.no\/index.php?rest_route=\/wp\/v2\/pages\/431","targetHints":{"allow":["GET"]}}],"collection":[{"href":"https:\/\/haugensporting.no\/index.php?rest_route=\/wp\/v2\/pages"}],"about":[{"href":"https:\/\/haugensporting.no\/index.php?rest_route=\/wp\/v2\/types\/page"}],"author":[{"embeddable":true,"href":"https:\/\/haugensporting.no\/index.php?rest_route=\/wp\/v2\/users\/1"}],"replies":[{"embeddable":true,"href":"https:\/\/haugensporting.no\/index.php?rest_route=%2Fwp%2Fv2%2Fcomments&post=431"}],"version-history":[{"count":45,"href":"https:\/\/haugensporting.no\/index.php?rest_route=\/wp\/v2\/pages\/431\/revisions"}],"predecessor-version":[{"id":629,"href":"https:\/\/haugensporting.no\/index.php?rest_route=\/wp\/v2\/pages\/431\/revisions\/629"}],"wp:attachment":[{"href":"https:\/\/haugensporting.no\/index.php?rest_route=%2Fwp%2Fv2%2Fmedia&parent=431"}],"curies":[{"name":"wp","href":"https:\/\/api.w.org\/{rel}","templated":true}]}}