{"id":62,"date":"2014-05-31T21:45:39","date_gmt":"2014-05-31T19:45:39","guid":{"rendered":"http:\/\/haugensporting.no\/?page_id=62"},"modified":"2019-03-10T16:34:24","modified_gmt":"2019-03-10T14:34:24","slug":"longrange","status":"publish","type":"page","link":"https:\/\/haugensporting.no\/?page_id=62","title":{"rendered":"Longrange"},"content":{"rendered":"<div id=\"pl-62\"  class=\"panel-layout\" ><div id=\"pg-62-0\"  class=\"panel-grid panel-no-style\" ><div id=\"pgc-62-0-0\"  class=\"panel-grid-cell\" ><div id=\"panel-62-0-0-0\" class=\"so-panel widget widget_black-studio-tinymce widget_black_studio_tinymce panel-first-child panel-last-child\" data-index=\"0\" ><div class=\"textwidget\"><blockquote>\n<p><em><span style=\"color: #61482a;\">\u00a0\"I have been using Longrange stuff for many years and I install a lot of 5 stands\/ sporting clay courses. Never had a problem with any of the equipment and Neil and Jeremy are the nicest guys in the world, always willing to answer questions etc.\"<\/span><\/em><\/p>\n<p><span style=\"color: #61482a;\">Pete Blakeley<\/span><\/p>\n<\/blockquote>\n<\/div><\/div><\/div><div id=\"pgc-62-0-1\"  class=\"panel-grid-cell\" ><div id=\"panel-62-0-1-0\" class=\"so-panel widget widget_black-studio-tinymce widget_black_studio_tinymce panel-first-child panel-last-child\" data-index=\"1\" ><div class=\"textwidget\"><blockquote>\n<div class=\"postbody\" style=\"color: #61482a;\"><em>\"I am sure there are other good electronics out there, but I only have experience with Long Range. That experience is fairly extensive and I can recommend it without reservation.\u00a0All of our machines fire very well using their electronics, I do not see any noticeable delay.We use 80 to 95 machines fairly regularly all hooked to Long Range.<\/em><\/p>\n<p><em>I do not work for Long Range either, I just know from experience how they work and how good the customer service is.\"<\/em><\/div>\n<p><span class=\"postbody\" style=\"color: #61482a;\">Pat Welch<\/span><\/p>\n<\/blockquote>\n<\/div><\/div><\/div><\/div><div id=\"pg-62-1\"  class=\"panel-grid panel-no-style\" ><div id=\"pgc-62-1-0\"  class=\"panel-grid-cell\" ><div id=\"panel-62-1-0-0\" class=\"so-panel widget widget_sow-editor panel-first-child panel-last-child\" data-index=\"2\" ><div\n\t\t\t\n\t\t\tclass=\"so-widget-sow-editor so-widget-sow-editor-base\"\n\t\t\t\n\t\t>\n<div class=\"siteorigin-widget-tinymce textwidget\">\n\t<p>Det var i 2001 at Neil Chadwick bestemte seg for \u00e5 begynne for seg selv og kj\u00f8pte selskapet Longrange LLC. Han har siden den gangen re-designet og videreutviklet hele produkt linjen. De f\u00f8rste utgavene sendte all kommunikasjon p\u00e5 kun en frekvens, noe som til tider medf\u00f8rte problemer n\u00e5r flere sendere opererte ved siden av hverandre. Dette var ett problem som Neil straks bestemte seg for \u00e5 l\u00f8se. Med dagens system kan man operere 15 maskiner p\u00e5 255 baner, alts\u00e5 3825 maskiner uten at disse komme i konflikt med hver andre. Under USA's NSCA Natinoals i 2013 brukte alle 408 leirduekasterene\u00a0Longrange LLC sendere og mottakere. Longrange LLC har vert leverand\u00f8r av utl\u00f8ser systemer til alle de store mesterskapene i USA i lang en lang tid.\u00a0<\/p>\n<p>De f\u00f8rste settene med Longrange produkter kom til Norge og Karm\u00f8y h\u00f8sten 2010.\u00a0Det er ingen tilfeldighet at det var h\u00f8sten 2010 og at det ble Longrange. Etter mitt f\u00f8rste VM i FITASC Sporting i Italia i 2010 s\u00e5 inns\u00e5 jeg at treningen m\u00e5tte legges om og det var behov for mye st\u00f8rre variasjon p\u00e5 treningen og skytesituasjoner. Hvordan kunne dette gj\u00f8res p\u00e5 en enkel m\u00e5te uten at jeg hele tiden m\u00e5tte justere og flytte p\u00e5 maskiner? Det faktum at jeg ofte trener alene hadde ogs\u00e5 noe \u00e5 si for valg av utstyr. Etter \u00e5 ha snakket med, lest og studert forskjellige produkter p\u00e5 internett falt valget p\u00e5 Longrange. N\u00e5 har det snart g\u00e5tt 8 \u00e5r og kort oppsumert s\u00e5 er eneste problemet som har vert er at det ser ut som skogsmus liker smaken p\u00e5 ledningene.<\/p>\n<p>For \u00e5 l\u00e6re litt mer om Longrange kan du lese en artikkel fra\u00a0<span style=\"color: #353535;\">ClayshootingUSA,<a href=\"http:\/\/haugensporting.no\/wp-content\/uploads\/2014\/06\/Longrange-Clay-Shooting-USA-April-May-2014.pdf\" target=\"_blank\" rel=\"noopener\">\u00a0link<\/a>.<\/span><\/p>\n<p>Haugen Sporting gj\u00f8r salg, installasjon og service over hele Europa inkl Russland p\u00e5 veine av Longrange LLC.<\/p>\n<p>Ta gjerne turen over til v\u00e5r facebook side for mer informasjon om produkter og priser.<\/p>\n<\/div>\n<\/div><\/div><\/div><div id=\"pgc-62-1-1\"  class=\"panel-grid-cell\" ><div id=\"panel-62-1-1-0\" class=\"so-panel widget widget_metaslider_widget panel-first-child panel-last-child\" data-index=\"3\" ><div id=\"metaslider-id-180\" style=\"width: 100%; margin: 0 auto;\" class=\"ml-slider-3-107-0 metaslider metaslider-flex metaslider-180 ml-slider ms-theme-default nav-hidden\" role=\"region\" aria-label=\"Longrange\" data-height=\"500\" data-width=\"500\">\n    <div id=\"metaslider_container_180\">\n        <div id=\"metaslider_180\" class=\"flexslider\">\n            <ul class='slides'>\n                <li style=\"display: block; width: 100%;\" class=\"slide-208 ms-image \" aria-roledescription=\"slide\" data-date=\"2014-06-05 22:20:54\" data-filename=\"20140605_210731-Custom-375x375.jpg\" data-slide-type=\"image\"><img loading=\"lazy\" decoding=\"async\" src=\"https:\/\/haugensporting.no\/wp-content\/uploads\/2014\/06\/20140605_210731-Custom-375x375.jpg\" height=\"500\" width=\"500\" alt=\"\" class=\"slider-180 slide-208 msDefaultImage\" \/><\/li>\n                <li style=\"display: none; width: 100%;\" class=\"slide-206 ms-image \" aria-roledescription=\"slide\" data-date=\"2014-06-05 22:20:53\" data-filename=\"20140605_210638-Custom-375x375.jpg\" data-slide-type=\"image\"><img loading=\"lazy\" decoding=\"async\" src=\"https:\/\/haugensporting.no\/wp-content\/uploads\/2014\/06\/20140605_210638-Custom-375x375.jpg\" height=\"500\" width=\"500\" alt=\"\" class=\"slider-180 slide-206 msDefaultImage\" \/><\/li>\n                <li style=\"display: none; width: 100%;\" class=\"slide-207 ms-image \" aria-roledescription=\"slide\" data-date=\"2014-06-05 22:20:53\" data-filename=\"20140605_210714-Custom-375x375.jpg\" data-slide-type=\"image\"><img loading=\"lazy\" decoding=\"async\" src=\"https:\/\/haugensporting.no\/wp-content\/uploads\/2014\/06\/20140605_210714-Custom-375x375.jpg\" height=\"500\" width=\"500\" alt=\"\" class=\"slider-180 slide-207 msDefaultImage\" \/><\/li>\n                <li style=\"display: none; width: 100%;\" class=\"slide-205 ms-image \" aria-roledescription=\"slide\" data-date=\"2014-06-05 22:20:52\" data-filename=\"20140605_210625-Custom-375x375.jpg\" data-slide-type=\"image\"><img loading=\"lazy\" decoding=\"async\" src=\"https:\/\/haugensporting.no\/wp-content\/uploads\/2014\/06\/20140605_210625-Custom-375x375.jpg\" height=\"500\" width=\"500\" alt=\"\" class=\"slider-180 slide-205 msDefaultImage\" \/><\/li>\n                <li style=\"display: none; width: 100%;\" class=\"slide-204 ms-image \" aria-roledescription=\"slide\" data-date=\"2014-06-05 22:20:51\" data-filename=\"20140605_210557-Custom-375x375.jpg\" data-slide-type=\"image\"><img loading=\"lazy\" decoding=\"async\" src=\"https:\/\/haugensporting.no\/wp-content\/uploads\/2014\/06\/20140605_210557-Custom-375x375.jpg\" height=\"500\" width=\"500\" alt=\"\" class=\"slider-180 slide-204 msDefaultImage\" \/><\/li>\n            <\/ul>\n        <\/div>\n        \n    <\/div>\n<\/div><\/div><\/div><\/div><div id=\"pg-62-2\"  class=\"panel-grid panel-no-style\" ><div id=\"pgc-62-2-0\"  class=\"panel-grid-cell panel-grid-cell-empty\" ><\/div><\/div><div id=\"pg-62-3\"  class=\"panel-grid panel-no-style\" ><div id=\"pgc-62-3-0\"  class=\"panel-grid-cell\" ><div id=\"panel-62-3-0-0\" class=\"so-panel widget widget_siteorigin-panels-embedded-video panel-first-child\" data-index=\"4\" >\t\t<div class=\"siteorigin-fitvids\"><iframe loading=\"lazy\" width=\"720\" height=\"405\" src=\"https:\/\/www.youtube.com\/embed\/s3apRerYMtI?feature=oembed\" frameborder=\"0\" allow=\"accelerometer; autoplay; encrypted-media; gyroscope; picture-in-picture\" allowfullscreen><\/iframe><\/div>\n\t\t<\/div><div id=\"panel-62-3-0-1\" class=\"so-panel widget widget_black-studio-tinymce widget_black_studio_tinymce panel-last-child\" data-index=\"5\" ><div class=\"textwidget\"><p><em>En gjennomgang av MT4300.<\/em><\/p>\n<\/div><\/div><\/div><div id=\"pgc-62-3-1\"  class=\"panel-grid-cell\" ><div id=\"panel-62-3-1-0\" class=\"so-panel widget widget_siteorigin-panels-embedded-video panel-first-child\" data-index=\"6\" >\t\t<div class=\"siteorigin-fitvids\"><iframe loading=\"lazy\" width=\"720\" height=\"405\" src=\"https:\/\/www.youtube.com\/embed\/RYbovBUiP4k?feature=oembed\" frameborder=\"0\" allow=\"accelerometer; autoplay; encrypted-media; gyroscope; picture-in-picture\" allowfullscreen><\/iframe><\/div>\n\t\t<\/div><div id=\"panel-62-3-1-1\" class=\"so-panel widget widget_black-studio-tinymce widget_black_studio_tinymce panel-last-child\" data-index=\"7\" ><div class=\"textwidget\"><p><em>Presentasjon av T-serien inkludert av gjennomgang av enkelte Funksjoner.<\/em><\/p>\n<\/div><\/div><\/div><div id=\"pgc-62-3-2\"  class=\"panel-grid-cell\" ><div id=\"panel-62-3-2-0\" class=\"so-panel widget widget_siteorigin-panels-embedded-video panel-first-child\" data-index=\"8\" >\t\t<div class=\"siteorigin-fitvids\"><iframe loading=\"lazy\" width=\"720\" height=\"405\" src=\"https:\/\/www.youtube.com\/embed\/Eqr4v7H9vCg?feature=oembed\" frameborder=\"0\" allow=\"accelerometer; autoplay; encrypted-media; gyroscope; picture-in-picture\" allowfullscreen><\/iframe><\/div>\n\t\t<\/div><div id=\"panel-62-3-2-1\" class=\"so-panel widget widget_black-studio-tinymce widget_black_studio_tinymce panel-last-child\" data-index=\"9\" ><div class=\"textwidget\"><p><em>TargetTag fra Longrange hjelper deg og din klubb til \u00e5 begrense duesvinn.<\/em><\/p>\n<\/div><\/div><\/div><\/div><\/div>","protected":false},"excerpt":{"rendered":"<p>\u00a0&#8220;I have been using Longrange stuff for many years and I install a lot of 5 stands\/ sporting clay courses. Never had a problem with any of the equipment and Neil and Jeremy are the nicest guys in the world, always willing to answer questions etc.&#8221;Pete Blakeley &#8220;I am sure there are other good electronics [&hellip;]<\/p>\n","protected":false},"author":1,"featured_media":0,"parent":0,"menu_order":0,"comment_status":"closed","ping_status":"closed","template":"templates\/template-full-notitle.php","meta":{"footnotes":""},"class_list":["post-62","page","type-page","status-publish","hentry","post"],"_links":{"self":[{"href":"https:\/\/haugensporting.no\/index.php?rest_route=\/wp\/v2\/pages\/62","targetHints":{"allow":["GET"]}}],"collection":[{"href":"https:\/\/haugensporting.no\/index.php?rest_route=\/wp\/v2\/pages"}],"about":[{"href":"https:\/\/haugensporting.no\/index.php?rest_route=\/wp\/v2\/types\/page"}],"author":[{"embeddable":true,"href":"https:\/\/haugensporting.no\/index.php?rest_route=\/wp\/v2\/users\/1"}],"replies":[{"embeddable":true,"href":"https:\/\/haugensporting.no\/index.php?rest_route=%2Fwp%2Fv2%2Fcomments&post=62"}],"version-history":[{"count":42,"href":"https:\/\/haugensporting.no\/index.php?rest_route=\/wp\/v2\/pages\/62\/revisions"}],"predecessor-version":[{"id":618,"href":"https:\/\/haugensporting.no\/index.php?rest_route=\/wp\/v2\/pages\/62\/revisions\/618"}],"wp:attachment":[{"href":"https:\/\/haugensporting.no\/index.php?rest_route=%2Fwp%2Fv2%2Fmedia&parent=62"}],"curies":[{"name":"wp","href":"https:\/\/api.w.org\/{rel}","templated":true}]}}