{"id":66,"date":"2014-05-31T21:46:08","date_gmt":"2014-05-31T19:46:08","guid":{"rendered":"http:\/\/haugensporting.no\/?page_id=66"},"modified":"2019-03-10T15:51:31","modified_gmt":"2019-03-10T14:51:31","slug":"mec-leirduekastere","status":"publish","type":"page","link":"https:\/\/haugensporting.no\/?page_id=66","title":{"rendered":"MEC leirduekastere"},"content":{"rendered":"<div id=\"pl-66\"  class=\"panel-layout\" ><div id=\"pg-66-0\"  class=\"panel-grid panel-no-style\" ><div id=\"pgc-66-0-0\"  class=\"panel-grid-cell\" ><div id=\"panel-66-0-0-0\" class=\"so-panel widget widget_black-studio-tinymce widget_black_studio_tinymce panel-first-child panel-last-child\" data-index=\"0\" ><div class=\"textwidget\"><blockquote>\n<p><em>\"I have been setting targets since 1986 and have used all types and brands of machines. I have set over 1400 tournament courses in my career. I have set targets across North America. MEC has features that make it my first choice these days.\"<\/em><\/p>\n<p>Mike McAlpine<\/p>\n<\/blockquote>\n<\/div><\/div><\/div><div id=\"pgc-66-0-1\"  class=\"panel-grid-cell\" ><div id=\"panel-66-0-1-0\" class=\"so-panel widget widget_black-studio-tinymce widget_black_studio_tinymce panel-first-child panel-last-child\" data-index=\"1\" ><div class=\"textwidget\"><blockquote>\n<p><em>\"Having said that they were designed by Simon Hurley who was the head guy at Promatic for many years the two main differences is where Simon has positioned the electrics under the main machine housing and the\u00a0fact that because of the materials they have used, they can never rust. IMHO they are the best machines out there.\"<\/em><\/p>\n<p><em>Pete Blakeley<\/em><\/p>\n<\/blockquote>\n<\/div><\/div><\/div><\/div><div id=\"pg-66-1\"  class=\"panel-grid panel-no-style\" ><div id=\"pgc-66-1-0\"  class=\"panel-grid-cell\" ><div id=\"panel-66-1-0-0\" class=\"so-panel widget widget_sow-editor panel-first-child panel-last-child\" data-index=\"2\" ><div\n\t\t\t\n\t\t\tclass=\"so-widget-sow-editor so-widget-sow-editor-base\"\n\t\t\t\n\t\t>\n<div class=\"siteorigin-widget-tinymce textwidget\">\n\t<p>MEC er forkortelse for\u00a0Mayville Engineering Company og holder til i nettopp Mayville Wisconsin\u00a0USA. Dette er ett firma som har\u00a0over 50 \u00e5rs erfaringen innen skyte industrien. H\u00f8sten 2013 fullf\u00f8rte MEC oppkj\u00f8pet av firma APEX som laget leirduekastere av h\u00f8y kvalitet. Eierene av APEX, Simon Hurley og Andy Perkins, ble ogs\u00e5 med over i MEC og jobber n\u00e5 med \u00e5 ytterlige forbedre maskinene.<\/p>\n<p>MEC leirduekastere er solid bygget i rustfritt st\u00e5l og aluminium. Selv om det ikke er n\u00f8dvendig mtp rust s\u00e5 blir alle maskinene overflate behandlet for \u00e5 f\u00e5 MEC sin r\u00f8de farge.<\/p>\n<p>Det finnes til n\u00e5 19 forskjellige modeller og det utvikles stadig nye for \u00e5 ha ett komplett utvalg. Disse kan deles i to hovedgrupper, E-serien og XP-serien.<\/p>\n<p>E-serien lages i st\u00e5l og rustfritt st\u00e5l. Er selvsagt behandlet med MEC sin E-Coat og Powder Coat.<\/p>\n<p>XP-serien blir laget i rustfritt st\u00e5l og aluminium og blir ogs\u00e5 behandlet med\u00a0\u00a0E-Coat og\u00a0Powder\u00a0Coat. I tillegg s\u00e5 vil du her f\u00e5 oppgradert motor og girboks samt er all elektronikk bygget inn i selve maskinen sin ramme. Denne l\u00f8sningen gj\u00f8r at elektronikken er meget godt beskyttet mot v\u00e6r og vind.<\/p>\n<p>Du kan ogs\u00e5 lese en fin artikkel om MEC i ClayshootingUSA,\u00a0<a href=\"http:\/\/haugensporting.no\/wp-content\/uploads\/2014\/12\/MEC-Clay-Shooting-USA-April-May-2014.pdf\" target=\"_blank\" rel=\"noopener\">link.<\/a><\/p>\n<p>Ta gjerne turen over til v\u00e5r facebook side for mer informasjon om produkter og priser.<\/p>\n<\/div>\n<\/div><\/div><\/div><div id=\"pgc-66-1-1\"  class=\"panel-grid-cell\" ><div id=\"panel-66-1-1-0\" class=\"so-panel widget widget_metaslider_widget panel-first-child panel-last-child\" data-index=\"3\" ><div id=\"metaslider-id-195\" style=\"max-width: 500px; margin: 0 auto;\" class=\"ml-slider-3-107-0 metaslider metaslider-flex metaslider-195 ml-slider ms-theme-default nav-hidden\" role=\"region\" aria-label=\"Mec 2\" data-height=\"500\" data-width=\"500\">\n    <div id=\"metaslider_container_195\">\n        <div id=\"metaslider_195\" class=\"flexslider\">\n            <ul class='slides'>\n                <li style=\"display: block; width: 100%;\" class=\"slide-350 ms-image \" aria-roledescription=\"slide\" data-date=\"2015-02-15 16:30:18\" data-filename=\"300E-Sporter_large-500x500.jpg\" data-slide-type=\"image\"><img loading=\"lazy\" decoding=\"async\" src=\"https:\/\/haugensporting.no\/wp-content\/uploads\/2015\/02\/300E-Sporter_large-500x500.jpg\" height=\"500\" width=\"500\" alt=\"\" class=\"slider-195 slide-350 msDefaultImage\" \/><\/li>\n                <li style=\"display: none; width: 100%;\" class=\"slide-351 ms-image \" aria-roledescription=\"slide\" data-date=\"2015-02-15 16:30:19\" data-filename=\"400E-Sporter_large-500x500.jpg\" data-slide-type=\"image\"><img loading=\"lazy\" decoding=\"async\" src=\"https:\/\/haugensporting.no\/wp-content\/uploads\/2015\/02\/400E-Sporter_large-500x500.jpg\" height=\"500\" width=\"500\" alt=\"\" class=\"slider-195 slide-351 msDefaultImage\" \/><\/li>\n                <li style=\"display: none; width: 100%;\" class=\"slide-352 ms-image \" aria-roledescription=\"slide\" data-date=\"2015-02-15 16:30:20\" data-filename=\"408-Battue_large-500x500.jpg\" data-slide-type=\"image\"><img loading=\"lazy\" decoding=\"async\" src=\"https:\/\/haugensporting.no\/wp-content\/uploads\/2015\/02\/408-Battue_large-500x500.jpg\" height=\"500\" width=\"500\" alt=\"\" class=\"slider-195 slide-352 msDefaultImage\" \/><\/li>\n                <li style=\"display: none; width: 100%;\" class=\"slide-353 ms-image \" aria-roledescription=\"slide\" data-date=\"2015-02-15 16:30:21\" data-filename=\"408-Chandelle_large-500x500.jpg\" data-slide-type=\"image\"><img loading=\"lazy\" decoding=\"async\" src=\"https:\/\/haugensporting.no\/wp-content\/uploads\/2015\/02\/408-Chandelle_large-500x500.jpg\" height=\"500\" width=\"500\" alt=\"\" class=\"slider-195 slide-353 msDefaultImage\" \/><\/li>\n                <li style=\"display: none; width: 100%;\" class=\"slide-354 ms-image \" aria-roledescription=\"slide\" data-date=\"2015-02-15 16:30:22\" data-filename=\"408XP-Sporter_large-500x500.jpg\" data-slide-type=\"image\"><img loading=\"lazy\" decoding=\"async\" src=\"https:\/\/haugensporting.no\/wp-content\/uploads\/2015\/02\/408XP-Sporter_large-500x500.jpg\" height=\"500\" width=\"500\" alt=\"\" class=\"slider-195 slide-354 msDefaultImage\" \/><\/li>\n                <li style=\"display: none; width: 100%;\" class=\"slide-355 ms-image \" aria-roledescription=\"slide\" data-date=\"2015-02-15 16:30:23\" data-filename=\"408XP-Wobble_large-500x500.jpg\" data-slide-type=\"image\"><img loading=\"lazy\" decoding=\"async\" src=\"https:\/\/haugensporting.no\/wp-content\/uploads\/2015\/02\/408XP-Wobble_large-500x500.jpg\" height=\"500\" width=\"500\" alt=\"\" class=\"slider-195 slide-355 msDefaultImage\" \/><\/li>\n            <\/ul>\n        <\/div>\n        \n    <\/div>\n<\/div><\/div><\/div><\/div><div id=\"pg-66-2\"  class=\"panel-grid panel-no-style\" ><div id=\"pgc-66-2-0\"  class=\"panel-grid-cell\" ><div id=\"panel-66-2-0-0\" class=\"so-panel widget widget_black-studio-tinymce widget_black_studio_tinymce panel-first-child panel-last-child\" data-index=\"4\" ><div class=\"textwidget\"><\/div><\/div><\/div><\/div><div id=\"pg-66-3\"  class=\"panel-grid panel-no-style\" ><div id=\"pgc-66-3-0\"  class=\"panel-grid-cell\" ><div id=\"panel-66-3-0-0\" class=\"so-panel widget widget_siteorigin-panels-embedded-video panel-first-child\" data-index=\"5\" >\t\t<div class=\"siteorigin-fitvids\"><iframe loading=\"lazy\" width=\"720\" height=\"405\" src=\"https:\/\/www.youtube.com\/embed\/WFdvYoV9cSo?feature=oembed\" frameborder=\"0\" allow=\"autoplay; encrypted-media\" allowfullscreen><\/iframe><\/div>\n\t\t<\/div><div id=\"panel-66-3-0-1\" class=\"so-panel widget widget_black-studio-tinymce widget_black_studio_tinymce panel-last-child\" data-index=\"6\" ><div class=\"textwidget\"><span style=\"color: #353535;\"><i>Power Factor gutta tar oss gjennom en god presentasjon og test av MEC 300E STD. Absolutt verdt \u00e5 f\u00e5 med seg!\u00a0\u00a0<\/i><\/span><\/div><\/div><\/div><div id=\"pgc-66-3-1\"  class=\"panel-grid-cell\" ><div id=\"panel-66-3-1-0\" class=\"so-panel widget widget_siteorigin-panels-embedded-video panel-first-child\" data-index=\"7\" >\t\t<div class=\"siteorigin-fitvids\"><iframe loading=\"lazy\" width=\"720\" height=\"405\" src=\"https:\/\/www.youtube.com\/embed\/IAsXEftWuec?feature=oembed\" frameborder=\"0\" allow=\"accelerometer; autoplay; encrypted-media; gyroscope; picture-in-picture\" allowfullscreen><\/iframe><\/div>\n\t\t<\/div><div id=\"panel-66-3-1-1\" class=\"so-panel widget widget_black-studio-tinymce widget_black_studio_tinymce panel-last-child\" data-index=\"8\" ><div class=\"textwidget\"><span style=\"color: #353535;\"><i>Simon Hurly gir oss en 1 on 1 sammenligning mellom MEC Defender og Promatic.<\/i><\/span><\/div><\/div><\/div><div id=\"pgc-66-3-2\"  class=\"panel-grid-cell\" ><div id=\"panel-66-3-2-0\" class=\"so-panel widget widget_siteorigin-panels-embedded-video panel-first-child\" data-index=\"9\" >\t\t<div class=\"siteorigin-fitvids\"><iframe loading=\"lazy\" width=\"720\" height=\"405\" src=\"https:\/\/www.youtube.com\/embed\/MP058_NLpb0?feature=oembed\" frameborder=\"0\" allow=\"accelerometer; autoplay; encrypted-media; gyroscope; picture-in-picture\" allowfullscreen><\/iframe><\/div>\n\t\t<\/div><div id=\"panel-66-3-2-1\" class=\"so-panel widget widget_black-studio-tinymce widget_black_studio_tinymce panel-last-child\" data-index=\"10\" ><div class=\"textwidget\"><em>Etter en natt med -8 Celsius fortsette MEC 408 XP Battue \u00e5 kaste perfekte duer gang etter gang.<\/em><\/div><\/div><\/div><\/div><div id=\"pg-66-4\"  class=\"panel-grid panel-no-style\" ><div id=\"pgc-66-4-0\"  class=\"panel-grid-cell\" ><div id=\"panel-66-4-0-0\" class=\"so-panel widget widget_siteorigin-panels-embedded-video panel-first-child\" data-index=\"11\" >\t\t<div class=\"siteorigin-fitvids\"><iframe loading=\"lazy\" width=\"720\" height=\"405\" src=\"http:\/\/www.youtube.com\/embed\/2_G5NlYiJ-s?feature=oembed\" frameborder=\"0\" allowfullscreen><\/iframe><\/div>\n\t\t<\/div><div id=\"panel-66-4-0-1\" class=\"so-panel widget widget_black-studio-tinymce widget_black_studio_tinymce panel-last-child\" data-index=\"12\" ><div class=\"textwidget\"><p><em style=\"color: #353535;\">MEC 408 Sporter i aksjon. Plass til 408 leirduer. Kastelengde p\u00e5 110 meter. Kan tiltes forover 30 grader for downhill og 70 grader bakover for teal. Sideveis kan den justeres 40 grader b\u00e5de til h\u00f8yre og venstre.<\/em><\/p><\/div><\/div><\/div><div id=\"pgc-66-4-1\"  class=\"panel-grid-cell\" ><div id=\"panel-66-4-1-0\" class=\"so-panel widget widget_siteorigin-panels-embedded-video panel-first-child\" data-index=\"13\" >\t\t<div class=\"siteorigin-fitvids\"><iframe loading=\"lazy\" width=\"720\" height=\"405\" src=\"http:\/\/www.youtube.com\/embed\/CKqjqVswp9o?feature=oembed\" frameborder=\"0\" allowfullscreen><\/iframe><\/div>\n\t\t<\/div><div id=\"panel-66-4-1-1\" class=\"so-panel widget widget_black-studio-tinymce widget_black_studio_tinymce panel-last-child\" data-index=\"14\" ><div class=\"textwidget\"><p><em>MEC 408 Chondell i aksjon. Plass til 408 leirduer. Kastelengde p\u00e5 110 meter. Kan brukes som b\u00e5de teal og rabitt.<\/em><\/p><\/div><\/div><\/div><div id=\"pgc-66-4-2\"  class=\"panel-grid-cell\" ><div id=\"panel-66-4-2-0\" class=\"so-panel widget widget_siteorigin-panels-embedded-video panel-first-child\" data-index=\"15\" >\t\t<div class=\"siteorigin-fitvids\"><iframe loading=\"lazy\" width=\"720\" height=\"405\" src=\"http:\/\/www.youtube.com\/embed\/90yscbf9100?feature=oembed\" frameborder=\"0\" allowfullscreen><\/iframe><\/div>\n\t\t<\/div><div id=\"panel-66-4-2-1\" class=\"so-panel widget widget_black-studio-tinymce widget_black_studio_tinymce panel-last-child\" data-index=\"16\" ><div class=\"textwidget\"><p><em>Her kombinerer man fire MEC chondell maskiner p\u00e5 en roterende plate. Crazy quail<\/em><\/p><\/div><\/div><\/div><\/div><\/div>","protected":false},"excerpt":{"rendered":"<p>&#8220;I have been setting targets since 1986 and have used all types and brands of machines. I have set over 1400 tournament courses in my career. I have set targets across North America. MEC has features that make it my first choice these days.&#8221; Mike McAlpine &#8220;Having said that they were designed by Simon Hurley [&hellip;]<\/p>\n","protected":false},"author":1,"featured_media":0,"parent":0,"menu_order":0,"comment_status":"closed","ping_status":"closed","template":"templates\/template-full-notitle.php","meta":{"footnotes":""},"class_list":["post-66","page","type-page","status-publish","hentry","post"],"_links":{"self":[{"href":"https:\/\/haugensporting.no\/index.php?rest_route=\/wp\/v2\/pages\/66","targetHints":{"allow":["GET"]}}],"collection":[{"href":"https:\/\/haugensporting.no\/index.php?rest_route=\/wp\/v2\/pages"}],"about":[{"href":"https:\/\/haugensporting.no\/index.php?rest_route=\/wp\/v2\/types\/page"}],"author":[{"embeddable":true,"href":"https:\/\/haugensporting.no\/index.php?rest_route=\/wp\/v2\/users\/1"}],"replies":[{"embeddable":true,"href":"https:\/\/haugensporting.no\/index.php?rest_route=%2Fwp%2Fv2%2Fcomments&post=66"}],"version-history":[{"count":79,"href":"https:\/\/haugensporting.no\/index.php?rest_route=\/wp\/v2\/pages\/66\/revisions"}],"predecessor-version":[{"id":606,"href":"https:\/\/haugensporting.no\/index.php?rest_route=\/wp\/v2\/pages\/66\/revisions\/606"}],"wp:attachment":[{"href":"https:\/\/haugensporting.no\/index.php?rest_route=%2Fwp%2Fv2%2Fmedia&parent=66"}],"curies":[{"name":"wp","href":"https:\/\/api.w.org\/{rel}","templated":true}]}}